{"id":2,"date":"2021-03-22T13:36:57","date_gmt":"2021-03-22T16:36:57","guid":{"rendered":"https:\/\/solarengine.com.br\/?page_id=2"},"modified":"2022-05-30T19:02:15","modified_gmt":"2022-05-30T22:02:15","slug":"pagina-exemplo","status":"publish","type":"page","link":"https:\/\/solarengine.com.br\/","title":{"rendered":"Hist\u00f3rico"},"content":{"rendered":"\n<p>A Solar Engine \u00e9 o segmento da empresa  W Tech Servi\u00e7os Eireli  direcionada ao mercado de geradores de energia fotovoltaica,  atualmente em franca expans\u00e3o no Brasil :<\/p>\n\n\n\n<blockquote class=\"wp-block-quote\"><p><span class=\"has-inline-color has-black-color\"><em>Neste mercado fazemos as atividades de vistorias t\u00e9cnicas,  projetos,  instala\u00e7\u00f5es  e  manuten\u00e7\u00f5es  de  geradores  de  energia  fotovoltaica nos  Estados do Rio de Janeiro,  S\u00e3o Paulo e Esp\u00edrito  Santo.<\/em><\/span><\/p><\/blockquote>\n\n\n\n<p>&#8230; Nossa miss\u00e3o \u00e9 :<\/p>\n\n\n\n<blockquote class=\"wp-block-quote\"><p><span class=\"has-inline-color has-black-color\"><em>Realizar  a  viabilidade  de  instala\u00e7\u00e3o  de  sistemas   de   energia  fotovoltaica  turn-key   para   clientes   residenciais,  comerciais   e  industriais  e  tamb\u00e9m   prestar  servi\u00e7os  a  empresas  deste  segmento  em  alguma(s)  das atividades que realizamos (vistoria t\u00e9cnica,  projeto,  instala\u00e7\u00e3o  ou  manuten\u00e7\u00e3o dos referidos geradores).<\/em><\/span><\/p><\/blockquote>\n\n\n\n<p class=\"has-white-color has-text-color\">&#8230; Aguardamos seu  contato :<\/p>\n\n\n\n<blockquote class=\"wp-block-quote\"><p>Fa\u00e7a um  contato  sem  compromisso  para   conhecer  as  vantagens  de usar  energia  sustent\u00e1vel  e   limpa    para   sua  casa ou  empresa e  economize !<\/p><\/blockquote>\n","protected":false},"excerpt":{"rendered":"<p>A Solar Engine \u00e9 o segmento da empresa W Tech Servi\u00e7os Eireli direcionada ao mercado de geradores de energia fotovoltaica, atualmente em franca expans\u00e3o no Brasil : Neste mercado fazemos as atividades de vistorias t\u00e9cnicas, projetos, instala\u00e7\u00f5es e manuten\u00e7\u00f5es de geradores de energia fotovoltaica nos Estados do Rio de Janeiro, S\u00e3o Paulo e Esp\u00edrito Santo. [&hellip;]<\/p>\n","protected":false},"author":1,"featured_media":0,"parent":0,"menu_order":1,"comment_status":"closed","ping_status":"closed","template":"","meta":{"_regular_price":[],"currency_symbol":[],"om_disable_all_campaigns":false,"_monsterinsights_skip_tracking":false,"_monsterinsights_sitenote_active":false,"_monsterinsights_sitenote_note":"","_monsterinsights_sitenote_category":0},"post_slider_layout_featured_media_urls":{"thumbnail":"","post_slider_layout_landscape_large":"","post_slider_layout_portrait_large":"","post_slider_layout_square_large":"","post_slider_layout_landscape":"","post_slider_layout_portrait":"","post_slider_layout_square":"","full":""},"_links":{"self":[{"href":"https:\/\/solarengine.com.br\/index.php\/wp-json\/wp\/v2\/pages\/2"}],"collection":[{"href":"https:\/\/solarengine.com.br\/index.php\/wp-json\/wp\/v2\/pages"}],"about":[{"href":"https:\/\/solarengine.com.br\/index.php\/wp-json\/wp\/v2\/types\/page"}],"author":[{"embeddable":true,"href":"https:\/\/solarengine.com.br\/index.php\/wp-json\/wp\/v2\/users\/1"}],"replies":[{"embeddable":true,"href":"https:\/\/solarengine.com.br\/index.php\/wp-json\/wp\/v2\/comments?post=2"}],"version-history":[{"count":7,"href":"https:\/\/solarengine.com.br\/index.php\/wp-json\/wp\/v2\/pages\/2\/revisions"}],"predecessor-version":[{"id":287,"href":"https:\/\/solarengine.com.br\/index.php\/wp-json\/wp\/v2\/pages\/2\/revisions\/287"}],"wp:attachment":[{"href":"https:\/\/solarengine.com.br\/index.php\/wp-json\/wp\/v2\/media?parent=2"}],"curies":[{"name":"wp","href":"https:\/\/api.w.org\/{rel}","templated":true}]}}